er when 953 is divided by 86?
7
What is the remainder when 372 is divided by 15?
12
Calculate the remainder when 4857 is divided by 19.
12
Calculate the remainder when 433 is divided by 149.
135
Calculate the remainder when 721 is divided by 32.
17
Calculate the remainder when 1147 is divided by 41.
40
What is the remainder when 82 is divided by 19?
6
Calculate the remainder when 172 is divided by 58.
56
What is the remainder when 101 is divided by 8?
5
Calculate the remainder when 181 is divided by 61.
59
What is the remainder when 20 is divided by 16?
4
What is the remainder when 866 is divided by 107?
10
What is the remainder when 221 is divided by 116?
105
What is the remainder when 273 is divided by 268?
5
What is the remainder when 3470 is divided by 14?
12
What is the remainder when 78 is divided by 41?
37
Calculate the remainder when 23901 is divided by 332.
329
Calculate the remainder when 215 is divided by 7.
5
Calculate the remainder when 252 is divided by 107.
38
Calculate the remainder when 68 is divided by 9.
5
What is the remainder when 313 is divided by 89?
46
What is the remainder when 3660 is divided by 38?
12
Calculate the remainder when 272 is divided by 65.
12
What is the remainder when 426 is divided by 115?
81
Calculate the remainder when 104 is divided by 19.
9
Calculate the remainder when 2232 is divided by 11.
10
Calculate the remainder when 338 is divided by 69.
62
Calculate the remainder when 103 is divided by 13.
12
Calculate the remainder when 726 is divided by 48.
6
Calculate the remainder when 656 is divided by 12.
8
Calculate the remainder when 170 is divided by 23.
9
What is the remainder when 365 is divided by 61?
60
What is the remainder when 271 is divided by 123?
25
Calculate the remainder when 971 is divided by 296.
83
Calculate the remainder when 7013 is divided by 4.
1
Calculate the remainder when 254 is divided by 74.
32
Calculate the remainder when 88 is divided by 25.
13
Calculate the remainder when 6491 is divided by 28.
23
What is the remainder when 598 is divided by 24?
22
What is the remainder when 1238 is divided by 618?
2
What is the remainder when 159 is divided by 139?
20
Calculate the remainder when 47 is divided by 17.
13
Calculate the remainder when 2047 is divided by 409.
2
What is the remainder when 1443 is divided by 377?
312
What is the remainder when 1102 is divided by 187?
167
What is the remainder when 70 is divided by 25?
20
What is the remainder when 13505 is divided by 11?
8
What is the remainder when 339 is divided by 91?
66
Calculate the remainder when 30095 is divided by 228.
227
What is the remainder when 80 is divided by 10?
0
Calculate the remainder when 5096 is divided by 1273.
4
Calculate the remainder when 947 is divided by 468.
11
Calculate the remainder when 398 is divided by 7.
6
Calculate the remainder when 242 is divided by 54.
26
Calculate the remainder when 1087 is divided by 33.
31
What is the remainder when 2840 is divided by 943?
11
What is the remainder when 4646 is divided by 31?
27
Calculate the remainder when 3 is divided by 3.
0
What is the remainder when 216 is divided by 37?
31
Calculate the remainder when 172 is divided by 31.
17
What is the remainder when 983 is divided by 17?
14
What is the remainder when 152 is divided by 11?
9
What is the remainder when 59363 is divided by 306?
305
What is the remainder when 1252 is divided by 544?
164
What is the remainder when 113 is divided by 29?
26
What is the remainder when 20039 is divided by 120?
119
Calculate the remainder when 2101 is divided by 54.
49
Calculate the remainder when 1078 is divided by 36.
34
Calculate the remainder when 3124 is divided by 25.
24
What is the remainder when 272 is divided by 39?
38
Calculate the remainder when 163 is divided by 160.
3
What is the remainder when 186 is divided by 10?
6
Calculate the remainder when 1426 is divided by 33.
7
Calculate the remainder when 1256 is divided by 126.
122
Calculate the remainder when 2436 is divided by 1212.
12
Calculate the remainder when 1727 is divided by 36.
35
Calculate the remainder when 2242 is divided by 33.
31
Calculate the remainder when 1977 is divided by 9.
6
Calculate the remainder when 185 is divided by 78.
29
Calculate the remainder when 417 is divided by 30.
27
What is the remainder when 2708 is divided by 245?
13
Calculate the remainder when 41548 is divided by 10.
8
Calculate the remainder when 84 is divided by 30.
24
Calculate the remainder when 4374 is divided by 34.
22
What is the remainder when 206 is divided by 138?
68
What is the remainder when 742 is divided by 28?
14
Calculate the remainder when 26 is divided by 21.
5
Calculate the remainder when 409 is divided by 103.
100
Calculate the remainder when 178 is divided by 18.
16
Calculate the remainder when 209 is divided by 7.
6
Calculate the remainder when 115 is divided by 56.
3
Calculate the remainder when 6660 is divided by 34.
30
Calculate the remainder when 65 is divided by 60.
5
What is the remainder when 4309 is divided by 88?
85
Calculate the remainder when 221 is divided by 32.
29
What is the remainder when 1739 is divided by 3?
2
Calculate the remainder when 303 is divided by 17.
14
Calculate the remainder when 3272 is divided by 126.
122
What is the remainder when 180 is divided by 90?
0
What is the remainder when 32 is divided by 3?
2
Calculate the remainder when 80 is divided by 9.
8
What is the remainder when 22193 is divided by 31?
28
What is the remainder when 407 is divided by 82?
79
What is the remainder when 831 is divided by 7?
5
Calculate the remainder when 308 is divided by 39.
35
What is the remainder when 395 is divided by 12?
11
Calculate the remainder when 2799 is divided by 50.
49
What is the remainder when 695 is divided by 28?
23
What is the remainder when 99 is divided by 6?
3
Calculate the remainder when 39467 is divided by 143.
142
What is the remainder when 221 is divided by 38?
31
Calculate the remainder when 1608 is divided by 536.
0
Calculate the remainder when 89 is divided by 30.
29
What is the remainder when 482 is divided by 31?
17
What is the remainder when 31 is divided by 8?
7
What is the remainder when 122 is divided by 21?
17
What is the remainder when 4098 is divided by 100?
98
What is the remainder when 2106 is divided by 68?
66
What is the remainder when 92 is divided by 14?
8
What is the remainder when 1144 is divided by 375?
19
What is the remainder when 1065 is divided by 10?
5
Calculate the remainder when 5926 is divided by 26.
24
What is the remainder when 392 is divided by 64?
8
Calculate the remainder when 184 is divided by 71.
42
Calculate the remainder when 48 is divided by 33.
15
What is the remainder when 750 is divided by 8?
6
What is the remainder when 1561 is divided by 51?
31
Calculate the remainder when 197 is divided by 64.
5
What is the remainder when 941 is divided by 313?
2
Calculate the remainder when 1173 is divided by 42.
39
Calculate the remainder when 15324 is divided by 97.
95
What is the remainder when 64 is divided by 22?
20
What is the remainder when 75 is divided by 67?
8
What is the remainder when 89 is divided by 15?
14
Calculate the remainder when 978 is divided by 245.
243
What is the remainder when 105 is divided by 14?
7
What is the remainder when 20695 is divided by 104?
103
Calculate the remainder when 1474 is divided by 9.
7
Calculate the remainder when 225 is divided by 60.
45
Calculate the remainder when 585 is divided by 60.
45
What is the remainder when 50 is divided by 27?
23
Calculate the remainder when 4355 is divided by 12.
11
Calculate the remainder when 14 is divided by 5.
4
What is the remainder when 4026 is divided by 21?
15
What is the remainder when 35 is divided by 13?
9
Calculate the remainder when 891 is divided by 152.
131
What is the remainder when 2435 is divided by 74?
67
Calculate the remainder when 1557 is divided by 7.
3
Calculate the remainder when 1884 is divided by 70.
64
Calculate the remainder when 5766 is divided by 77.
68
Calculate the remainder when 136 is divided by 37.
25
What is the remainder when 381 is divided by 63?
3
What is the remainder when 1019 is divided by 68?
67
Calculate the remainder when 90 is divided by 42.
6
What is the rem